14
In base 7, what is -5 - -12?
4
In base 14, what is -5 + 0?
-5
In base 3, what is 22 - 1211001?
-1210202
In base 8, what is 5 + 42?
47
In base 15, what is 0 + 16?
16
In base 4, what is -211 + 22?
-123
In base 3, what is -12 - -221121?
221102
In base 16, what is -1c - -2?
-1a
In base 16, what is b - 867?
-85c
In base 13, what is 0 - 17?
-17
In base 3, what is -101 - 101012?
-101120
In base 16, what is -1 + -b8?
-b9
In base 8, what is 4 + -1535?
-1531
In base 7, what is 14 + 15?
32
In base 2, what is -10010011100 - -10110?
-10010000110
In base 13, what is 5 - -3?
8
In base 7, what is 1150 + 1?
1151
In base 7, what is 45 - -360?
435
In base 14, what is 5 - 2593?
-258c
In base 8, what is 1250 - -4?
1254
In base 9, what is -2622 + -5?
-2627
In base 4, what is 31 + 220?
311
In base 11, what is 5 - 44?
-3a
In base 14, what is 89 + -5?
84
In base 12, what is -4 - 32a?
-332
In base 8, what is -225 - 54?
-301
In base 6, what is -2 + 404?
402
In base 10, what is -47 - -2?
-45
In base 9, what is 58 + 2?
61
In base 14, what is -3a + -6?
-42
In base 6, what is -3 + -55305?
-55312
In base 4, what is 10 - 20001?
-13331
In base 4, what is -10 - 2311?
-2321
In base 7, what is 2 + 6?
11
In base 8, what is -3 + 1?
-2
In base 8, what is 125 - -252?
377
In base 4, what is 1303 + -2?
1301
In base 2, what is 1110 - -10001111?
10011101
In base 6, what is 3 + -3234?
-3231
In base 14, what is 28 - c?
1a
In base 16, what is -49 - 1?
-4a
In base 14, what is -12 - 155?
-167
In base 16, what is 4 - 15?
-11
In base 3, what is 2 + 12110010?
12110012
In base 11, what is -158 - -5?
-153
In base 8, what is -11 + -27?
-40
In base 10, what is 3 + -150?
-147
In base 6, what is 3024 + -5?
3015
In base 10, what is -45962 + 1?
-45961
In base 15, what is 1a - 1d?
-3
In base 2, what is 111111 + -10110100?
-1110101
In base 8, what is 1 - -5000?
5001
In base 2, what is -1100 - -101101100?
101100000
In base 9, what is -21 + 374?
353
In base 16, what is 3 - -87?
8a
In base 8, what is 2 - 1242?
-1240
In base 15, what is -892c - 3?
-8930
In base 10, what is 5 - -131?
136
In base 2, what is -10 - -1110?
1100
In base 5, what is -300 + 114?
-131
In base 16, what is 3 - -a0?
a3
In base 11, what is -8231 + -1?
-8232
In base 6, what is 3020 + 11?
3031
In base 6, what is 214 - 13?
201
In base 15, what is 2ba + 8?
2c3
In base 7, what is -3416 - -25?
-3361
In base 15, what is -282 + -12?
-294
In base 9, what is 5 - -150?
155
In base 15, what is -d - -19?
b
In base 8, what is -135 + 10?
-125
In base 15, what is 5d + 0?
5d
In base 14, what is -611 - -3?
-60c
In base 11, what is 13a05 - 0?
13a05
In base 7, what is -134 + 2?
-132
In base 3, what is -1201100 - 110?
-1201210
In base 3, what is -111 - -2?
-102
In base 15, what is -351 + -37?
-388
In base 11, what is -1 + -33?
-34
In base 11, what is -92 - -105?
23
In base 3, what is 10 + -11212?
-11202
In base 12, what is -119 - -4?
-115
In base 6, what is -3 + 1440?
1433
In base 14, what is 2 - 538?
-536
In base 3, what is 10 - -100010?
100020
In base 6, what is -5 - -12542?
12533
In base 12, what is 138 - -2?
13a
In base 6, what is -3 + 2521?
2514
In base 15, what is 7 + 6bb?
6c3
In base 4, what is 10020 - -1?
10021
In base 3, what is -2011001 - -12?
-2010212
In base 4, what is -22 + -1003?
-1031
In base 11, what is -21 + 6?
-16
In base 6, what is -111 - 11?
-122
In base 11, what is -19 - -8a?
71
In base 9, what is -740 + -43?
-783
In base 12, what is 0 - 17b?
-17b
In base 9, what is 0 + 4?
4
In base 5, what is 4 + -34?
-30
In base 7, what is 4 - 56?
-52
In base 4, what is -332001 + -11?
-332012
In base 9, what is -771 - -38?
-732
In base 14, what is -333 - 1?
-334
In base 12, what is 3 + -1803?
-1800
In base 14, what is -108 - 0?
-108
In base 13, what is 13 - 6aa?
-697
In base 16, what is 30f + -a?
305
In base 15, what is -1 + 3d?
3c
In base 3, what is 0 + 1022220?
1022220
In base 16, what is -12b6 + 3?
-12b3
In base 14, what is 10 - 22?
-12
In base 8, what is -2 + -44?
-46
In base 13, what is 8 - -cc?
107
In base 2, what is 1101101001011 - 10?
1101101001001
In base 13, what is 89 + 4?
90
In base 8, what is -463 + 2?
-461
In base 2, what is 10 + -10001010?
-10001000
In base 15, what is 4 - -1b5?
1b9
In base 5, what is 0 - -13?
13
In base 14, what is 1 + 23?
24
In base 12, what is 19 + -4?
15
In base 7, what is -53444 + 0?
-53444
In base 4, what is 10 - -202?
212
In base 8, what is 712 - 133?
557
In base 14, what is -5 + -397?
-39c
In base 5, what is -10 - 244?
-304
In base 16, what is 7c - 9?
73
In base 6, what is 111 - 145?
-34
In base 7, what is 261 + 13?
304
In base 10, what is 2 + 34?
36
In base 15, what is -a5 - -1?
-a4
In base 8, what is -56 + -17?
-75
In base 6, what is -5 + 1053?
1044
In base 11, what is 11 - 5?
7
In base 11, what is 23a - 2?
238
In base 8, what is 3 + 152?
155
In base 16, what is 9 - a?
-1
In base 2, what is 100001 - 110110?
-10101
In base 2, what is 1100 + -11111?
-10011
In base 14, what is 21 + 266?
287
In base 16, what is -e5 + -2?
-e7
In base 12, what is -5 - -463?
45a
In base 4, what is 131 + -232?
-101
In base 8, what is -1712 - -1?
-1711
In base 12, what is 158 - 0?
158
In base 2, what is 0 + -10100101000?
-10100101000
In base 11, what is 3 - -31?
34
In base 13, what is -32 + -4?
-36
In base 5, what is 1301 - 10?
1241
In base 2, what is 1011001001000 - 100?
1011001000100
In base 11, what is -370 + 4?
-367
In base 9, what is 716 - 2?
714
In base 7, what is -16 - -422?
403
In base 11, what is 27 + 747?
773
In base 3, what is -21021 - 1211?
-100002
In base 12, what is -3052 + -2?
-3054
In base 7, what is -60 - -4?
-53
In base 3, what is 221 - 2102?
-1111
In base 13, what is 54a - -1?
54b
In base 15, what is 2 - -c45?
c47
In base 8, what is -5 - 3753?
-3760
In base 4, what is -313 - 13?
-332
In base 15, what is 156 + 4?
15a
In base 3, what is 112110 + 100?
112210
In base 16, what is 5 + -21?
-1c
In base 16, what is 2af - 9?
2a6
In base 13, what is -c64 - 4?
-c68
In base 16, what is -4 + 16fc?
16f8
In base 14, what is 6d97 + 5?
6d9c
In base 13, what is -a1 + -59?
-12a
In base 5, what is -2343 - 134?
-3032
In base 14, what is 119 - -b?
126
In base 2, what is -100110 - -101?
-100001
In base 13, what is 40 + -9?
34
In base 7, what is 3 + -1505?
-1502
In base 8, what is -2324 + -3?
-2327
In base 16, what is 3 - -12?
15
In base 2, what is -10 + -10111001?
-10111011
In base 12, what is -2 + -660?
-662
In base 14, what is bc - -5?
c3
In base 14, what is 3 - -5b?
60
In base 7, what is -20 + 511?
461
In base 3, what is 21 + -1002200?
-1002102
In base 15, what is -49 - 3?
-4c
In base 9, what is -5 - -1?
-4
In base 10, what is 29 + 12?
41
In base 4, what is -202211 - 13?
-202230
In base 3, what is -121 + -101?
-222
In base 5, what is -100 - -1021?
421
In base 8, what is -2341 + -3?
-2344
In base 6, what is 2 - 11?
-5
In base 12, what is -1014 - -5?
-100b
In base 10, what is 2 + 1997?
1999
In base 6, what is 255 - -31?
330
In base 2, what is 10 + 1000?
1010
In base 13, what is -29 - 117?
-143
In base 11, what is -5 - 569?
-573
In base 11, what is -331a - 0?
-331a
In base 15, what is -9 - 2a?
-34
In base 3, what is -21222 + -11?
-22010
In base 6, what is -21 + 4?
-13
In base 6, what is -240430 + 3?
-240423
In base 11, what is -1059 + 5?
-1054
In base 4, what is 2301 + -230?
2011
In base 10, what is -25 - 19?
-44
In base 14, what is 24 + 7?
2b
In base 4, what is -3001 - -3?
-2332
In base 2, what is -110010 + -100001?
-1010011
In base 16, what is 1 + 43?
44
In base 2, what is -1100 + 1001000101?
1000111001
In base 3, what is 21220120 + -11?
21220102
In base 3, what is -210 + -21220?
-22200
In base 16, what is -106 + -2?
-108
In base 7, what is 453 + 3?
456
In base 13, what is -30 - -15?
-18
In base 7, what is 11 + 2555?
2566
In base 11, what is -a10 + 11?
-9aa
In base 15, what is -5 + -56?
-5b
In base 9, what is -2751 - 5?
-2756
In base 7, what is 1231 + 6?
1240
In base 11, what is -840 - 2?
-842
In base 4, what is -21302 - -32?
-21210
In base 8, what is 131663 - -5?
131670
In base 5, what is -4 + -2022?
-2031
In base 13, what is -16 - 0?
-16
In base 16, what is 0 + 3e3?
3e3
In base 7, what is 3033 - -16?
3052
In base 10, what is 5 + 3?
8
In base 7, what is 4 + -101?
-64
In base 6, what is 102 + 321?
423
In base 3, what is -101210 + 11